v**2 - v**3 + 2 + 5. Let o be (147/(-35))/(-3 + (-12)/(-5)). Determine m(o).
14
Suppose -2*k + 5*c + 8 + 0 = 0, 4*c = -3*k - 11. Let w(s) = 3*s + 2*s + s - 1. Determine w(k).
-7
Let w = -211 - -214. Let n(g) = -g**3 - g**2 + 4*g - 4. Calculate n(w).
-28
Let y(t) = -395*t**2 - 2 + 1190*t**2 - 392*t**2 - 401*t**2. Suppose -3 = -k - 0. Calculate y(k).
16
Suppose -4*c + 5 = -3. Let f(v) = -7 - 3*v + 2*v**2 + 4 - v**c. What is f(4)?
1
Let d be ((-28)/18)/(27/(-243)) + -8. Suppose 6*v = 2*v - 5*j - 3, -3*v - j + 6 = 0. Let r(h) = -h + v - 3. What is r(d)?
-6
Let s(n) = 2*n**3 + 13*n + 1 - 7*n - 8*n. Let r(v) = -v**2 - 9*v + 11. Let b be r(-10). What is s(b)?
1
Let z(r) = -8*r + 2. Suppose -32*p - 7 = 89. What is z(p)?
26
Let y(q) = q**2 - 7*q - 20. Let b = 828 + -820. Calculate y(b).
-12
Let h(a) be the third derivative of -a**5/60 - 5*a**4/24 + 5*a**3/3 + a**2 + a. Let c = 11 - 18. Give h(c).
-4
Suppose 0 = 3*c - z - 29, 4*z = -2*c + 4*c - 26. Let y(k) = -k**3 + 9*k**2 + 4*k - 13. Give y(c).
23
Let z = -894 + 913. Let f(a) = -2*a**2 + 39*a - 13. What is f(z)?
6
Let g(b) be the third derivative of b**6/120 + 11*b**5/60 + 7*b**4/24 - 7*b**3/3 - 90*b**2. Calculate g(-10).
16
Let f(n) be the third derivative of n**8/448 - n**5/120 + 2*n**4/3 + 11*n**2. Let l(d) be the second derivative of f(d). Calculate l(-1).
-16
Suppose -7 = -4*h - 5*p, -4*h = -0*h + 3*p - 9. Let s(d) = d**2 - 1 - 14 - h*d - 6*d + 1. Give s(10).
-4
Let f(x) = -x**2. Let d(p) = 11*p - 2. Let l(w) = d(w) + f(w). Calculate l(9).
16
Suppose 10 = -2*f - 2. Let x(a) be the third derivative of -a**5/60 - a**4/6 - a**3/2 + 2*a**2. Calculate x(f).
-15
Let s(h) be the first derivative of -h**3/3 - 3*h**2 - 7*h + 2. Calculate s(-6).
-7
Let v(z) be the second derivative of z**4/8 + z**3/6 - 17*z**2/2 - z. Let p(i) be the first derivative of v(i). Let t be (-1)/(((-4)/(-6))/2). What is p(t)?
-8
Suppose -k + 4 = 0, -12*x + 3*k = -8*x. Let m(c) = -c + 3. Calculate m(x).
0
Let r(m) = -m**3 - 5*m**2 + 7*m + 8. Suppose -3*h = 4*a - 8*h - 60, -20 = -4*a - 5*h. Suppose -4*f = -12, f + a + 0 = g. Let c = -19 + g. What is r(c)?
2
Let s(z) = -57*z + 5. Let t(i) = -16*i + 1. Let n(h) = s(h) - 3*t(h). Give n(1).
-7
Suppose -2*c = -2*w - 6, -2*c + 6*c - w = 15. Let b(p) = 11*p + 8 - 9*p - c*p. Give b(7).
-6
Let o(y) = -y**2 - 9*y - 9. Suppose 0 = -4*l - 49 - 15. Let i be l/(-10)*(2 - 7). Determine o(i).
-1
Let h(n) = 2*n - 7. Suppose -a + 4*q + 114 = 0, 2*a + 5*q - 159 = a. Suppose 4*u - 162 + a = 0. Determine h(u).
7
Let y = 94 - 89. Let k(b) = -b + 7. What is k(y)?
2
Let n(j) = 0 + 3 + 1 + 18*j - 1 - 16*j. Determine n(8).
19
Suppose 0 = 5*f - f + 3*w - 15, 0 = -4*f + 3*w + 9. Suppose 8 = -f*c - 5*o, 2*o + 1 = 3*c - 2*c. Let r(i) = -5*i**3 - i**2 - i - 1. Give r(c).
4
Let s = 15 + -9. Let w = s + -2. Let u(h) = -5 - 3*h - 3*h**2 + 4*h**2 + 4 + 0*h + 3. Calculate u(w).
6
Let j(w) = w**2 + 10*w + 13. Let m be j(-10). Let x = m + -7. Let y(o) = o - 8. What is y(x)?
-2
Let k(v) = -5*v**2 + v + 13. Let j be 16/4 - (0 + 0). Let r(h) = -38 - j*h + 9*h**2 + 12*h**2 - 7*h**2. Let o(f) = 17*k(f) + 6*r(f). Calculate o(-6).
-1
Let m(u) = -11*u**3 - 13*u**2 - 26*u - 9. Let l(h) = -5*h**3 - 6*h**2 - 12*h - 4. Let o(r) = -13*l(r) + 6*m(r). Give o(2).
-10
Let b(w) = -3*w**2 - 5*w + 6. Suppose -4*h = -4*g - h - 26, 3*g + 23 = 4*h. Calculate b(g).
-44
Let s(q) be the second derivative of -1/12*q**4 + 0 + 5/2*q**2 - 2*q - q**3. What is s(-6)?
5
Suppose 3*x + 2 = 65. Suppose -5*u - 1 = -x. Suppose 3*j + 8 = -u*s, -4*s + 11 - 3 = -j. Let p(y) = 2*y - 1. What is p(s)?
1
Let v be (-4)/(20/(-25) + 0). Let z(x) = -2*x**2 + 7*x - 3. Let c(y) = 3*y**2 - 14*y + 4. Let j(k) = v*z(k) + 3*c(k). Give j(-6).
3
Let g(x) = x**3 + 3*x**2 - x - 5. Let m(j) = 12*j**2 + 43*j + 21. Let o be m(-3). Determine g(o).
-5
Let s = -90 + 33. Let k = 53 + s. Let x(o) be the second derivative of 5*o**3/6 + 2*o**2 + o. Determine x(k).
-16
Let x(s) = -s - 2. Let c = 30 + -33. Let v be 3 - -1 - (c + 2). Suppose -2*r + v = -3. What is x(r)?
-6
Let n(k) be the first derivative of -k**2/2 - 2*k - 34. Give n(1).
-3
Let n(q) = -8*q - 12. Let l(r) = r + 2. Let m(o) = 6*l(o) + n(o). Let a = 6 - 10. Let f be (4 + 0)/(a/(-6)). Give m(f).
-12
Let d(b) = -b**2 - 6*b + 1. Let i(q) = 2*q + 6. Suppose 68*m - 70*m = 12. Let s be i(m). Determine d(s).
1
Suppose -7*h = -5*x - 4*h - 9, 0 = -4*x - h + 3. Suppose 0*v - 2*t = -2*v, -t = x. Let r(f) = -f**3 - f + 9. Determine r(v).
9
Let r = -160 + 155. Let p(h) = h + 5. Give p(r).
0
Let f be 0 + (-4)/8*10. Let n(q) be the second derivative of -q**4/24 + q**3/6 + q**2 + 2*q. Let a(z) be the first derivative of n(z). Give a(f).
6
Let y(x) be the second derivative of x**4/24 + 19*x**2/2 + x. Let u(s) be the first derivative of y(s). Calculate u(6).
6
Let a(w) be the second derivative of w**3/6 - 52*w. Let o(u) = -3*u - 1. Let g be o(-1). Give a(g).
2
Suppose -12 = 4*t + 3*k, 13 = -3*t - k - 1. Let p(q) = q**3 + 6*q**2 - 4*q - 9. Determine p(t).
15
Let o be 6/(-4) + 55/10. Let c(r) = 4*r - 4 + o - 5 + 3. Calculate c(4).
14
Let s be (-2 - -3)/(3/(-9)). Let r(w) be the second derivative of w**5/20 + w**4/3 + 2*w**3/3 - 283*w. Determine r(s).
-3
Let k(v) = v**2 - 11 + 4*v - 6*v + 6*v. Let d(l) = 2*l**2 + 7*l - 23. Let p(x) = -4*d(x) + 7*k(x). Determine p(0).
15
Let k(j) = -j**2 + 2*j + 1. Let x be (-98)/70 - (-4)/10. Let b be (-2)/2*(0 - x). Determine k(b).
-2
Let z(u) = -64 + 91 + 4*u - 31. What is z(-4)?
-20
Let o(t) = t. Let r(q) = 4*q - 19. Let p(i) = i**3 + 6*i**2 - 6*i + 2. Let l be p(-7). Let z(b) = l*o(b) + r(b). What is z(0)?
-19
Let x = 2 + -2. Let m(j) = 2 - 8 + 3350*j**2 - 3349*j**2. What is m(x)?
-6
Let s(d) = -d + 12. Let w = -2 + 10. Let c be s(w). Let t(v) = 6*v**2 + 20*v - 9. Let j(r) = -r**2 - 4*r + 2. Let k(a) = -11*j(a) - 2*t(a). Determine k(c).
-4
Suppose 0*n = -n + 4. Let o(w) = -w**3 - w**2 - 5*w + 10. Let c(g) = 2*g**3 + 2*g**2 + 11*g - 21. Let t(r) = n*c(r) + 9*o(r). What is t(0)?
6
Let d(y) = 7*y**2 - 16*y + 14. Let r(q) = -2*q**2 + q - 1. Let c(g) = -d(g) - 4*r(g). What is c(-13)?
3
Let z(j) be the first derivative of -3*j**2/2 + 11*j - 7. Let b(n) = n - 4. Let x(v) = 11*b(v) + 4*z(v). What is x(1)?
-1
Let z(y) = -10*y**2 + 11*y**2 + 2*y - 11 + 6 - 2 - 10. What is z(-7)?
18
Let a(g) = -g + 2. Let j(l) = l + 10. Let b be j(-8). Let v be (-4 + (3 - -1))/b. Calculate a(v).
2
Let p(j) = j + 8. Let u(k) = -k**3 + 5*k**2 - 8*k + 18. Let b be u(4). Suppose -z - 2*z = -l + 21, l + 4 = -b*z. What is p(l)?
14
Suppose -3*r = 4*f - 18, 9 - 2 = 3*f - r. Let y(k) = -2*k + 4*k**2 - k**3 + 0*k**3 + 4 + k. Give y(f).
10
Let x(y) = -2*y. Let j be ((-4)/6)/((-4)/12). Suppose 2*c - 24 = -2*q, 2*q = j*c - 7*c + 60. Suppose -4*z - 2*f - 14 = 0, -3*f + c = f. Give x(z).
10
Let p(m) = -17*m + 151. Let a(d) = -35*d + 311. Let f(i) = -4*a(i) + 9*p(i). What is f(9)?
-2
Let p(y) = y**2 - 6*y - 1. Let w = -25 - -41. Suppose -6*a + w = -2*a. Suppose -3*u - 3*l + 18 = 0, -3*l + 18 = 3*u - a*l. Determine p(u).
-1
Let n(f) = f**3 - 11*f**2 + 5*f - 4. Suppose 79 - 233 = -14*l. Give n(l).
51
Let h be (-108)/(-14) - ((-12)/(-14))/(-3). Let t(r) = -r - 1. Let v(d) = -2*d - 12. Let o(q) = -3*t(q) + v(q). Determine o(h).
-1
Let b = -30 + 34. Let j(r) = -b + 8 + 0*r**2 - r**2 - 7*r. Determine j(-6).
10
Let l = 241 - 234. Let z(h) = h**2 - 7*h + 9. Calculate z(l).
9
Let d(j) = -6*j**2 + 1. Let b(l) be the third derivative of l**5/60 - l**4/4 + l**3/6 + 3*l**2. Let a be b(5). Let u be (-3)/(6/a) + -3. Give d(u).
-5
Let r(b) = -3*b - 2 + b + 3*b. Let d be r(-3). Let h(i) = i - 4. Give h(d).
-9
Let x = 242 + -233. Let s(l) be the third derivative of l**6/120 - l**5/6 + 11*l**4/24 - 5*l**3/3 - l**2. Determine s(x).
8
Let c(w) = w**3 + 6*w**2 + 3*w - 1. Let a(x) = 2*x**3 + 20*x**2 + 2*x + 15. Let o be a(-10). Give c(o).
9
Let k(q) = -8*q**2. Suppose 24 = -5*t - 6. Let b = t - -11. Suppose 4*f + f = b. Calculate k(f).
-8
Let t be (-4412)/(-15) + (-8)/60. Let l(a) = -2 + 3*a**2 + t*a + 2 - 297*a + 3. Determine l(2).
9
Let r(w) = -41*w**2 + 41*w**2 + 7 - w**3. Let i = -6 + 6. Suppose i = -0*j - 3*j. Determine r(j).
7
Let h(i) = i + 1. Let j be (-1)/2 - 105/(-30). Suppose s + 2*y + 11 = 0, 0 = -2*s - j*y - 9 - 8. Determine h(s).
0
Let w be (-2)/(-9) - 40